3)*-6. What is the highest common divisor of o and v?
28
Let r be 8/6*(-2 - -11). Let f = 593 - 401. Calculate the highest common divisor of f and r.
12
Let n(k) = -2*k**2 - 46*k + 200. Let s be n(-26). What is the highest common divisor of s and 242?
22
Suppose 5*j = s + 3737, -3*s + 4*s = -2. Suppose -65*t + j = -56*t. Let l = t - 80. What is the highest common factor of 1 and l?
1
Let c be (-50)/(-375) - ((-21185)/300 - (-3)/4). What is the highest common divisor of c and 3892?
14
Suppose -33 + 1045 + 716 = 9*z. What is the greatest common divisor of 14304 and z?
96
Suppose 1972*u - 1931*u - 36162 = 0. Calculate the greatest common factor of u and 1617.
147
Let f = 490 + -473. Let n be (-136)/4*(-45)/2. Suppose 2*m + 3*m - n = 0. What is the greatest common divisor of f and m?
17
Let r(f) = 2*f**2 + 111*f + 338. Let v be r(-54). Calculate the greatest common factor of v and 110.
22
Let h be (-8)/(-16) + 189/(-2). Let b = 108 + h. Let p(o) = -18*o - 2. Let z be p(-4). What is the greatest common divisor of z and b?
14
Let k be 2155*(-2)/(-130) + (-28)/182. What is the greatest common factor of k and 3333?
33
Suppose -548*r - 70 = -554*r + 50. Calculate the highest common divisor of r and 18890.
10
Let n be (-1 + 1 + -1)*-2. Suppose 0 = -22*y - 77*y + 2277. Suppose 4*t + 3*h = y, -n*t + 2*h - h = -9. Calculate the greatest common divisor of t and 1.
1
Suppose -38 + 30 = -2*k. Suppose -3289 + 581 = -k*l. Let z = -416 + l. What is the greatest common factor of 29 and z?
29
Let u be (-2 + (-16)/(-6))/((-9)/(-108)). Suppose 9*s + u*s - 1904 = 0. What is the greatest common divisor of s and 14?
14
Let o = 20 - -8. Let d be 264*2*12/96. Suppose -70*s + d*s + 344 = 3*u, s - 450 = -4*u. Calculate the greatest common divisor of u and o.
28
Let t = -26 + 85. Suppose t = 6*j + 11. Let q(f) = -f + 9. Let s be q(j). Calculate the greatest common divisor of 8 and s.
1
Suppose 0 = 3*z - x - 400, -15*z + 12*z - 5*x + 430 = 0. What is the highest common divisor of z and 585?
45
Suppose -z - 2*y = 4*z - 69, 0 = -z + 2*y + 21. Let j be (-14)/35 - (-21651)/z. Suppose 0 = 9*b - 4683 + j. What is the highest common divisor of b and 45?
45
Let c be (-782)/2 - -3*(-4)/3. Let s = -300 - c. What is the greatest common divisor of 19 and s?
19
Let r = -3402 + 3415. Calculate the greatest common factor of r and 6071.
13
Let f be -2*(-1)/((-3)/(-75)). Suppose 0 = -2*q + 34 + f. Let m = q + -41. Calculate the greatest common divisor of 9 and m.
1
Let m(l) = 6*l**2 - 64*l + 305. Let t be m(5). What is the highest common factor of 18 and t?
9
Suppose -6*f - 71 = -443. What is the greatest common divisor of 158 and f?
2
Suppose 4*k - s - 719 = 0, 4*s - 4789 + 4283 = -3*k. Calculate the greatest common divisor of k and 12.
2
Suppose 115*a - 5*v + 38 = 117*a, v = -3*a + 31. Let j = -9 + 27. What is the highest common divisor of j and a?
9
Let o be (10*(-2)/5)/1 + 985. What is the greatest common factor of 45 and o?
9
Suppose -2*w + 270 = -4*o, w = -2*w - 4*o + 445. Let n = 224 - w. Suppose 17 = 3*f - 5*y, -y + 13 = f + y. What is the greatest common divisor of n and f?
9
Suppose 0 = -10*w - 46 + 3686. Calculate the highest common factor of 39 and w.
13
Suppose -5*w = 2*d - 3660, -2*d + 2*w - 1834 = -3*d. What is the highest common factor of 200 and d?
50
Let k be -25 + 0/(-1 + -6). Let u = 504 - k. Calculate the highest common divisor of 46 and u.
23
Let k(q) = -q**3 - 4*q**2 + 9*q - 16. Suppose -17 = 2*o - 5*i + 19, -2*o - i = 12. Let s be k(o). Calculate the highest common factor of 126 and s.
42
Suppose -r - 4 = r + g, -3*g = -2*r + 12. Suppose y + 4*y - 200 = r. Suppose -3732*j - 990 = -7563*j + 3732*j. What is the highest common factor of y and j?
10
Let k(g) = -g**3 + 43*g**2 + 244*g - 48. Let i be k(48). What is the greatest common divisor of i and 13608?
72
Let p be (180/252)/(2/196). Suppose -4*u + 83 + 117 = 0. What is the highest common divisor of u and p?
10
Let x(c) = -c**3 - 2*c**2 + 6*c - 6. Let y be x(-4). Suppose -y*s + 23 = a, 3*a - 6*a + 91 = -5*s. What is the highest common factor of a and 12?
3
Let m = 434 - -22. Calculate the greatest common factor of 192 and m.
24
Let u(z) = 2*z**2 - 19*z + 46. Let k be 1/(4 + 116/(-12) + 6). Let y be u(k). Calculate the highest common factor of 7 and y.
7
Let q be (-1 - (-13)/52)/((-1)/24). Let i be (-7)/(((-1)/(-26))/((-9)/q)). What is the greatest common factor of i and 117?
13
Suppose x = 2*b + 752, 4*x + 2*b - 3028 = -0*x. Suppose -a + x = -13*a. Let i = a + 283. Calculate the highest common factor of 20 and i.
20
Suppose 3*x - 6 - 9 = 0. Let z(l) = -6*l**2 + 15*l - 128. Let t be z(12). Let o be t/(-18) + (-35)/315. Calculate the highest common factor of o and x.
5
Suppose 0 = -m + 3*s + 5, -5*m = -2*s + 7*s - 45. Let r be 2/3 + (984/9)/4. Calculate the highest common divisor of m and r.
4
Let w(t) = 30*t - 171. Let j be w(17). Let g = j - 337. What is the highest common divisor of g and 31?
1
Let v be 34762/955*(-3)/(42/(-4))*25. Calculate the highest common factor of v and 4264.
52
Suppose -15*v + 108*v - 8*v = 596275. Calculate the highest common divisor of v and 915.
305
Let l(a) be the third derivative of -a**5/60 + 9*a**3/2 + 10*a**2. Let p be l(0). Suppose 0 = -2*m + p - 5. Calculate the highest common divisor of m and 44.
11
Let g = -34972 + 49764. What is the greatest common divisor of g and 4?
4
Suppose 1954 = 3*d - 5*q, -5*q + 514 = 3*d - 1420. Let l be (-12)/4 + d/8. What is the highest common divisor of 26 and l?
26
Let k = 10520 - -13252. Calculate the greatest common divisor of 24 and k.
12
Suppose 0*k + k + 5*g = -19, 0 = 4*k + 2*g - 14. Let z = 7 + k. Let l be 5*65*(-106)/(-265). Calculate the highest common divisor of z and l.
13
Let o be (184/(-644))/((-4)/10) + (-15010)/(-7). What is the greatest common divisor of o and 495?
165
Let a be 279/63 + (-30)/70 - -11. Calculate the greatest common divisor of a and 7770.
15
Suppose 1011*o + 964*o + 2360 = 2034*o. Let p(r) = 54*r**3 + r**2 + 3*r - 2. Let v be p(2). What is the greatest common factor of v and o?
40
Let d = -383 + 360. Let l(o) = -9*o - 177. Let z be l(d). What is the greatest common factor of 110 and z?
10
Let y(x) = 2488*x - 13808. Let i be y(6). Suppose -3*j = 2*w - 4*w - 86, -5*j = 2*w - 170. What is the greatest common divisor of i and j?
32
Let u = -21122 + 21146. Suppose 5*t - 239 = 121. Calculate the highest common divisor of u and t.
24
Let x(h) = -2*h**2 + 8*h - 8. Let p be x(2). Suppose 11*y + 6*y - 7803 = p. What is the greatest common factor of y and 51?
51
Suppose -6*r + 5*r + 102 = 0. Let t = 169 + -152. Let k = t + 17. Calculate the greatest common divisor of r and k.
34
Let y(w) = 9*w**3 + 21*w**2 - 48*w - 103. Let u be y(-2). Let x = 16 + -5. What is the greatest common factor of x and u?
1
Suppose 36*n - 11274 + 2922 = 0. Calculate the greatest common factor of n and 754.
58
Let k = 206 - 201. Suppose -1463 = -16*a + k*a. Calculate the greatest common factor of a and 57.
19
Suppose 18*u + 4*r = 19*u - 26, 0 = -4*u - r + 70. Calculate the highest common factor of u and 14886.
18
Suppose 4*y = -2*o + 18, 4*y + 3*o = 2*o + 13. Suppose -181 = y*w - 517. Calculate the greatest common divisor of 6 and w.
6
Suppose 0*t - 8 = -t. Suppose 4*q + 40 = t*q. Let s = 576 + -496. Calculate the greatest common factor of q and s.
10
Suppose -5*z + 2*h - 10049 = 0, -3*h - 21 = -12. Let f = 3303 + z. What is the highest common divisor of 76 and f?
76
Let b = 3358 - 3344. Let a = 289 + -79. Suppose 2*y = 7*y - a. What is the greatest common factor of y and b?
14
Suppose x - n = 3054, -5*x + 2*n + 2*n = -15276. Calculate the highest common divisor of x and 24.
12
Let c be (-2)/(-4)*-43*-24. Let g = -49503 + 49515. What is the highest common factor of g and c?
12
Let x be (5/(-10))/((-8)/288). Let o(c) = c**2 - 10*c - 88. Let l be o(x). Calculate the greatest common factor of 8 and l.
8
Let b = -67 + 75. Let k be (-45)/(-15)*b*4/12. Calculate the highest common divisor of k and 72.
8
Suppose -11 = 3*t + 2*v, 2*t - 2*v + 14 = -0*t. Let k be (465/(-60))/(((-15)/(-84))/t). Calculate the greatest common factor of k and 7.
7
Let t be 0 + 3/3*24. Suppose 0 = -2*k - 8, -6*v + 3*k + t = -2*v. Suppose -20 = -v*i + 28. What is the highest common fa